{"id":189,"date":"2018-05-24T17:54:53","date_gmt":"2018-05-24T17:54:53","guid":{"rendered":"http:\/\/swing-jazz-blues-live.de\/Liveband\/?page_id=189"},"modified":"2018-05-24T18:00:26","modified_gmt":"2018-05-24T18:00:26","slug":"datenschutzerklaerung","status":"publish","type":"page","link":"https:\/\/swing-jazz-blues-live.de\/Liveband\/datenschutzerklaerung","title":{"rendered":"Datenschutzerkl\u00e4rung"},"content":{"rendered":"<h2>Wer wir sind<\/h2>\n<p>Die Adresse unserer Website ist: https:\/\/swing-jazz-blues-live.de\/Liveband.<\/p>\n<p>Datenschutzerkl\u00e4rung<br \/>\nAllgemeiner Hinweis und Pflichtinformationen<br \/>\nBenennung der verantwortlichen Stelle<br \/>\nDie verantwortliche Stelle f\u00fcr die Datenverarbeitung auf dieser Website ist:<br \/>\nHappyday GbR<br \/>\nChristoph Grassl<br \/>\nVogelslohe 49<br \/>\n91242 Ottensoos<br \/>\nDie verantwortliche Stelle entscheidet allein oder gemeinsam mit anderen \u00fcber die Zwecke und Mittel der Verarbeitung von personenbezogenen Daten (z.B. Namen, Kontaktdaten o. \u00c4.).<br \/>\nWiderruf Ihrer Einwilligung zur Datenverarbeitung<br \/>\nNur mit Ihrer ausdr\u00fccklichen Einwilligung sind einige Vorg\u00e4nge der Datenverarbeitung m\u00f6glich. Ein Widerruf Ihrer bereits erteilten Einwilligung ist jederzeit m\u00f6glich. F\u00fcr den Widerruf gen\u00fcgt eine formlose Mitteilung per E-Mail. Die Rechtm\u00e4\u00dfigkeit der bis zum Widerruf erfolgten Datenverarbeitung bleibt vom Widerruf unber\u00fchrt.<br \/>\nRecht auf Beschwerde bei der zust\u00e4ndigen Aufsichtsbeh\u00f6rde<br \/>\nAls Betroffener steht Ihnen im Falle eines datenschutzrechtlichen Versto\u00dfes ein Beschwerderecht bei der zust\u00e4ndigen Aufsichtsbeh\u00f6rde zu. Zust\u00e4ndige Aufsichtsbeh\u00f6rde bez\u00fcglich datenschutzrechtlicher Fragen ist der Landesdatenschutzbeauftragte des Bundeslandes, in dem sich der Sitz unseres Unternehmens befindet. Der folgende Link stellt eine Liste der Datenschutzbeauftragten sowie deren Kontaktdaten bereit: https:\/\/www.bfdi.bund.de\/DE\/Infothek\/Anschriften_Links\/anschriften_links-node.html.<br \/>\nRecht auf Daten\u00fcbertragbarkeit<br \/>\nIhnen steht das Recht zu, Daten, die wir auf Grundlage Ihrer Einwilligung oder in Erf\u00fcllung eines Vertrags automatisiert verarbeiten, an sich oder an Dritte aush\u00e4ndigen zu lassen. Die Bereitstellung erfolgt in einem maschinenlesbaren Format. Sofern Sie die direkte \u00dcbertragung der Daten an einen anderen Verantwortlichen verlangen, erfolgt dies nur, soweit es technisch machbar ist.<br \/>\nRecht auf Auskunft, Berichtigung, Sperrung, L\u00f6schung<br \/>\nSie haben jederzeit im Rahmen der geltenden gesetzlichen Bestimmungen das Recht auf unentgeltliche Auskunft \u00fcber Ihre gespeicherten personenbezogenen Daten, Herkunft der Daten, deren Empf\u00e4nger und den Zweck der Datenverarbeitung und ggf. ein Recht auf Berichtigung, Sperrung oder L\u00f6schung dieser Daten. Diesbez\u00fcglich und auch zu weiteren Fragen zum Thema personenbezogene Daten k\u00f6nnen Sie sich jederzeit \u00fcber die im Impressum aufgef\u00fchrten Kontaktm\u00f6glichkeiten an uns wenden.<br \/>\nSSL- bzw. TLS-Verschl\u00fcsselung<br \/>\nAus Sicherheitsgr\u00fcnden und zum Schutz der \u00dcbertragung vertraulicher Inhalte, die Sie an uns als Seitenbetreiber senden, nutzt unsere Website eine SSL-bzw. TLS-Verschl\u00fcsselung. Damit sind Daten, die Sie \u00fcber diese Website \u00fcbermitteln, f\u00fcr Dritte nicht mitlesbar. Sie erkennen eine verschl\u00fcsselte Verbindung an der \u201ehttps:\/\/\u201c Adresszeile Ihres Browsers und am Schloss-Symbol in der Browserzeile.<br \/>\nYouTube<br \/>\nF\u00fcr Integration und Darstellung von Videoinhalten nutzt unsere Website Plugins von YouTube. Anbieter des Videoportals ist die YouTube, LLC, 901 Cherry Ave., San Bruno, CA 94066, USA.<br \/>\nBei Aufruf einer Seite mit integriertem YouTube-Plugin wird eine Verbindung zu den Servern von YouTube hergestellt. YouTube erf\u00e4hrt hierdurch, welche unserer Seiten Sie aufgerufen haben.<br \/>\nYouTube kann Ihr Surfverhalten direkt Ihrem pers\u00f6nlichen Profil zuzuordnen, sollten Sie in Ihrem YouTube Konto eingeloggt sein. Durch vorheriges Ausloggen haben Sie die M\u00f6glichkeit, dies zu unterbinden.<br \/>\nDie Nutzung von YouTube erfolgt im Interesse einer ansprechenden Darstellung unserer Online-Angebote. Dies stellt ein berechtigtes Interesse im Sinne von Art. 6 Abs. 1 lit. f DSGVO dar.<br \/>\nEinzelheiten zum Umgang mit Nutzerdaten finden Sie in der Datenschutzerkl\u00e4rung von YouTube unter: https:\/\/www.google.de\/intl\/de\/policies\/privacy.<br \/>\nQuelle: Datenschutz-Konfigurator von mein-datenschutzbeauftragter.de<br \/>\nMein-Datenschutzbeauftragter.de stellt den Konfigurator f\u00fcr die individuelle Nutzung kostenlos zur Verf\u00fcgung. Deshalb bitten wir Sie, den Hinweis auf unseren Dienst nicht aus dem Muster zu entfernen. Es ist zudem nicht gestattet, den Konfigurator als Kopie auf der eigenen Homepage einzubinden und\/oder das Tool anzubieten.<\/p>\n<h3><\/h3>\n","protected":false},"excerpt":{"rendered":"<p>Wer wir sind Die Adresse unserer Website ist: https:\/\/swing-jazz-blues-live.de\/Liveband. Datenschutzerkl\u00e4rung Allgemeiner Hinweis und Pflichtinformationen Benennung der verantwortlichen Stelle Die verantwortliche Stelle f\u00fcr die Datenverarbeitung auf dieser Website ist: Happyday GbR Christoph Grassl Vogelslohe 49 91242 Ottensoos Die verantwortliche Stelle entscheidet allein oder gemeinsam mit anderen \u00fcber die Zwecke und Mittel der Verarbeitung von personenbezogenen Daten [&hellip;]<\/p>\n","protected":false},"author":1,"featured_media":0,"parent":0,"menu_order":0,"comment_status":"closed","ping_status":"closed","template":"","meta":{"footnotes":""},"class_list":["post-189","page","type-page","status-publish","hentry"],"yoast_head":"<!-- This site is optimized with the Yoast SEO plugin v27.5 - https:\/\/yoast.com\/product\/yoast-seo-wordpress\/ -->\n<title>Datenschutzerkl\u00e4rung Jazzband<\/title>\n<meta name=\"description\" content=\"Swingband Jazzband Bluesband f\u00fcr Ihre Veranstaltung - mitrei\u00dfende Improvisation bekannter Swing- und Jazzstandards garantiert! Livemusik, das Highlight f\u00fcr Geburtstag Hochzeit Party Jazzkonzert Jazzclub oder dem Swing- und Jazzfr\u00fchschoppen.\" \/>\n<meta name=\"robots\" content=\"index, follow, max-snippet:-1, max-image-preview:large, max-video-preview:-1\" \/>\n<link rel=\"canonical\" href=\"https:\/\/swing-jazz-blues-live.de\/Liveband\/datenschutzerklaerung\" \/>\n<meta property=\"og:locale\" content=\"de_DE\" \/>\n<meta property=\"og:type\" content=\"article\" \/>\n<meta property=\"og:title\" content=\"Datenschutzerkl\u00e4rung Jazzband\" \/>\n<meta property=\"og:description\" content=\"Swingband Jazzband Bluesband f\u00fcr Ihre Veranstaltung - mitrei\u00dfende Improvisation bekannter Swing- und Jazzstandards garantiert! Livemusik, das Highlight f\u00fcr Geburtstag Hochzeit Party Jazzkonzert Jazzclub oder dem Swing- und Jazzfr\u00fchschoppen.\" \/>\n<meta property=\"og:url\" content=\"https:\/\/swing-jazz-blues-live.de\/Liveband\/datenschutzerklaerung\" \/>\n<meta property=\"og:site_name\" content=\"Swingband Jazzband Swing und Jazz von Liveband\" \/>\n<meta property=\"article:modified_time\" content=\"2018-05-24T18:00:26+00:00\" \/>\n<meta name=\"twitter:card\" content=\"summary_large_image\" \/>\n<meta name=\"twitter:label1\" content=\"Gesch\u00e4tzte Lesezeit\" \/>\n\t<meta name=\"twitter:data1\" content=\"3\u00a0Minuten\" \/>\n<script type=\"application\/ld+json\" class=\"yoast-schema-graph\">{\"@context\":\"https:\\\/\\\/schema.org\",\"@graph\":[{\"@type\":\"WebPage\",\"@id\":\"https:\\\/\\\/swing-jazz-blues-live.de\\\/Liveband\\\/datenschutzerklaerung\",\"url\":\"https:\\\/\\\/swing-jazz-blues-live.de\\\/Liveband\\\/datenschutzerklaerung\",\"name\":\"Datenschutzerkl\u00e4rung Jazzband\",\"isPartOf\":{\"@id\":\"https:\\\/\\\/swing-jazz-blues-live.de\\\/Liveband\\\/#website\"},\"datePublished\":\"2018-05-24T17:54:53+00:00\",\"dateModified\":\"2018-05-24T18:00:26+00:00\",\"description\":\"Swingband Jazzband Bluesband f\u00fcr Ihre Veranstaltung - mitrei\u00dfende Improvisation bekannter Swing- und Jazzstandards garantiert! Livemusik, das Highlight f\u00fcr Geburtstag Hochzeit Party Jazzkonzert Jazzclub oder dem Swing- und Jazzfr\u00fchschoppen.\",\"breadcrumb\":{\"@id\":\"https:\\\/\\\/swing-jazz-blues-live.de\\\/Liveband\\\/datenschutzerklaerung#breadcrumb\"},\"inLanguage\":\"de\",\"potentialAction\":[{\"@type\":\"ReadAction\",\"target\":[\"https:\\\/\\\/swing-jazz-blues-live.de\\\/Liveband\\\/datenschutzerklaerung\"]}]},{\"@type\":\"BreadcrumbList\",\"@id\":\"https:\\\/\\\/swing-jazz-blues-live.de\\\/Liveband\\\/datenschutzerklaerung#breadcrumb\",\"itemListElement\":[{\"@type\":\"ListItem\",\"position\":1,\"name\":\"Startseite\",\"item\":\"https:\\\/\\\/swing-jazz-blues-live.de\\\/Liveband\\\/\"},{\"@type\":\"ListItem\",\"position\":2,\"name\":\"Datenschutzerkl\u00e4rung\"}]},{\"@type\":\"WebSite\",\"@id\":\"https:\\\/\\\/swing-jazz-blues-live.de\\\/Liveband\\\/#website\",\"url\":\"https:\\\/\\\/swing-jazz-blues-live.de\\\/Liveband\\\/\",\"name\":\"Swingband Jazzband Swing und Jazz von Liveband\",\"description\":\"Jazzband Swingband Jazzstandards f\u00fcr Swing- oder Jazzfr\u00fchschoppen,  Barmusik, Loungemusik, Dinnermusik, Familienfeier, Geburtstag, Hochzeit, Konzert,\",\"publisher\":{\"@id\":\"https:\\\/\\\/swing-jazz-blues-live.de\\\/Liveband\\\/#organization\"},\"potentialAction\":[{\"@type\":\"SearchAction\",\"target\":{\"@type\":\"EntryPoint\",\"urlTemplate\":\"https:\\\/\\\/swing-jazz-blues-live.de\\\/Liveband\\\/?s={search_term_string}\"},\"query-input\":{\"@type\":\"PropertyValueSpecification\",\"valueRequired\":true,\"valueName\":\"search_term_string\"}}],\"inLanguage\":\"de\"},{\"@type\":\"Organization\",\"@id\":\"https:\\\/\\\/swing-jazz-blues-live.de\\\/Liveband\\\/#organization\",\"name\":\"Happyday GbR\",\"url\":\"https:\\\/\\\/swing-jazz-blues-live.de\\\/Liveband\\\/\",\"logo\":{\"@type\":\"ImageObject\",\"inLanguage\":\"de\",\"@id\":\"https:\\\/\\\/swing-jazz-blues-live.de\\\/Liveband\\\/#\\\/schema\\\/logo\\\/image\\\/\",\"url\":\"https:\\\/\\\/swing-jazz-blues-live.de\\\/wp-content\\\/uploads\\\/2021\\\/04\\\/happyday-logo_transparent.png\",\"contentUrl\":\"https:\\\/\\\/swing-jazz-blues-live.de\\\/wp-content\\\/uploads\\\/2021\\\/04\\\/happyday-logo_transparent.png\",\"width\":1179,\"height\":430,\"caption\":\"Happyday GbR\"},\"image\":{\"@id\":\"https:\\\/\\\/swing-jazz-blues-live.de\\\/Liveband\\\/#\\\/schema\\\/logo\\\/image\\\/\"}}]}<\/script>\n<!-- \/ Yoast SEO plugin. -->","yoast_head_json":{"title":"Datenschutzerkl\u00e4rung Jazzband","description":"Swingband Jazzband Bluesband f\u00fcr Ihre Veranstaltung - mitrei\u00dfende Improvisation bekannter Swing- und Jazzstandards garantiert! Livemusik, das Highlight f\u00fcr Geburtstag Hochzeit Party Jazzkonzert Jazzclub oder dem Swing- und Jazzfr\u00fchschoppen.","robots":{"index":"index","follow":"follow","max-snippet":"max-snippet:-1","max-image-preview":"max-image-preview:large","max-video-preview":"max-video-preview:-1"},"canonical":"https:\/\/swing-jazz-blues-live.de\/Liveband\/datenschutzerklaerung","og_locale":"de_DE","og_type":"article","og_title":"Datenschutzerkl\u00e4rung Jazzband","og_description":"Swingband Jazzband Bluesband f\u00fcr Ihre Veranstaltung - mitrei\u00dfende Improvisation bekannter Swing- und Jazzstandards garantiert! Livemusik, das Highlight f\u00fcr Geburtstag Hochzeit Party Jazzkonzert Jazzclub oder dem Swing- und Jazzfr\u00fchschoppen.","og_url":"https:\/\/swing-jazz-blues-live.de\/Liveband\/datenschutzerklaerung","og_site_name":"Swingband Jazzband Swing und Jazz von Liveband","article_modified_time":"2018-05-24T18:00:26+00:00","twitter_card":"summary_large_image","twitter_misc":{"Gesch\u00e4tzte Lesezeit":"3\u00a0Minuten"},"schema":{"@context":"https:\/\/schema.org","@graph":[{"@type":"WebPage","@id":"https:\/\/swing-jazz-blues-live.de\/Liveband\/datenschutzerklaerung","url":"https:\/\/swing-jazz-blues-live.de\/Liveband\/datenschutzerklaerung","name":"Datenschutzerkl\u00e4rung Jazzband","isPartOf":{"@id":"https:\/\/swing-jazz-blues-live.de\/Liveband\/#website"},"datePublished":"2018-05-24T17:54:53+00:00","dateModified":"2018-05-24T18:00:26+00:00","description":"Swingband Jazzband Bluesband f\u00fcr Ihre Veranstaltung - mitrei\u00dfende Improvisation bekannter Swing- und Jazzstandards garantiert! Livemusik, das Highlight f\u00fcr Geburtstag Hochzeit Party Jazzkonzert Jazzclub oder dem Swing- und Jazzfr\u00fchschoppen.","breadcrumb":{"@id":"https:\/\/swing-jazz-blues-live.de\/Liveband\/datenschutzerklaerung#breadcrumb"},"inLanguage":"de","potentialAction":[{"@type":"ReadAction","target":["https:\/\/swing-jazz-blues-live.de\/Liveband\/datenschutzerklaerung"]}]},{"@type":"BreadcrumbList","@id":"https:\/\/swing-jazz-blues-live.de\/Liveband\/datenschutzerklaerung#breadcrumb","itemListElement":[{"@type":"ListItem","position":1,"name":"Startseite","item":"https:\/\/swing-jazz-blues-live.de\/Liveband\/"},{"@type":"ListItem","position":2,"name":"Datenschutzerkl\u00e4rung"}]},{"@type":"WebSite","@id":"https:\/\/swing-jazz-blues-live.de\/Liveband\/#website","url":"https:\/\/swing-jazz-blues-live.de\/Liveband\/","name":"Swingband Jazzband Swing und Jazz von Liveband","description":"Jazzband Swingband Jazzstandards f\u00fcr Swing- oder Jazzfr\u00fchschoppen,  Barmusik, Loungemusik, Dinnermusik, Familienfeier, Geburtstag, Hochzeit, Konzert,","publisher":{"@id":"https:\/\/swing-jazz-blues-live.de\/Liveband\/#organization"},"potentialAction":[{"@type":"SearchAction","target":{"@type":"EntryPoint","urlTemplate":"https:\/\/swing-jazz-blues-live.de\/Liveband\/?s={search_term_string}"},"query-input":{"@type":"PropertyValueSpecification","valueRequired":true,"valueName":"search_term_string"}}],"inLanguage":"de"},{"@type":"Organization","@id":"https:\/\/swing-jazz-blues-live.de\/Liveband\/#organization","name":"Happyday GbR","url":"https:\/\/swing-jazz-blues-live.de\/Liveband\/","logo":{"@type":"ImageObject","inLanguage":"de","@id":"https:\/\/swing-jazz-blues-live.de\/Liveband\/#\/schema\/logo\/image\/","url":"https:\/\/swing-jazz-blues-live.de\/wp-content\/uploads\/2021\/04\/happyday-logo_transparent.png","contentUrl":"https:\/\/swing-jazz-blues-live.de\/wp-content\/uploads\/2021\/04\/happyday-logo_transparent.png","width":1179,"height":430,"caption":"Happyday GbR"},"image":{"@id":"https:\/\/swing-jazz-blues-live.de\/Liveband\/#\/schema\/logo\/image\/"}}]}},"_links":{"self":[{"href":"https:\/\/swing-jazz-blues-live.de\/Liveband\/wp-json\/wp\/v2\/pages\/189","targetHints":{"allow":["GET"]}}],"collection":[{"href":"https:\/\/swing-jazz-blues-live.de\/Liveband\/wp-json\/wp\/v2\/pages"}],"about":[{"href":"https:\/\/swing-jazz-blues-live.de\/Liveband\/wp-json\/wp\/v2\/types\/page"}],"author":[{"embeddable":true,"href":"https:\/\/swing-jazz-blues-live.de\/Liveband\/wp-json\/wp\/v2\/users\/1"}],"replies":[{"embeddable":true,"href":"https:\/\/swing-jazz-blues-live.de\/Liveband\/wp-json\/wp\/v2\/comments?post=189"}],"version-history":[{"count":2,"href":"https:\/\/swing-jazz-blues-live.de\/Liveband\/wp-json\/wp\/v2\/pages\/189\/revisions"}],"predecessor-version":[{"id":194,"href":"https:\/\/swing-jazz-blues-live.de\/Liveband\/wp-json\/wp\/v2\/pages\/189\/revisions\/194"}],"wp:attachment":[{"href":"https:\/\/swing-jazz-blues-live.de\/Liveband\/wp-json\/wp\/v2\/media?parent=189"}],"curies":[{"name":"wp","href":"https:\/\/api.w.org\/{rel}","templated":true}]}}